{"id":103,"date":"2018-03-16T08:54:35","date_gmt":"2018-03-16T08:54:35","guid":{"rendered":"https:\/\/brain-in-motion.ch\/?page_id=103"},"modified":"2021-12-29T10:16:06","modified_gmt":"2021-12-29T10:16:06","slug":"spielgruppe","status":"publish","type":"page","link":"https:\/\/brain-in-motion.ch\/?page_id=103","title":{"rendered":"Spielgruppe"},"content":{"rendered":"<p class=\"font_8\">In der Spielgruppe Kids in Motion treffen sich bis zu 6 Kinder ab ca.3 Jahren bis zum Eintritt in den Kindergarten.<\/p>\n<p class=\"font_8\">Die Kinder verbringen w\u00e4hrend des ganzen Jahres, ein- oder zweimal pro Woche einen Vormittag\u00a0\u00e0 3.5 Stunden, sowohl im Haus wie in der freien Natur. Wir spielen und basteln, entdecken und erleben den Wald und die Natur in all ihren Farben und Ger\u00fcchen, versorgen den Meerschweinchen, sind unterwegs auf den Spielplatz, und gehen gerne mal zusammen schwimmen.<img decoding=\"async\" class=\" wp-image-104 alignright\" src=\"https:\/\/brain-in-motion.ch\/wp-content\/uploads\/2018\/03\/Spielgruppe-300x210.png\" alt=\"\" width=\"231\" height=\"162\" srcset=\"https:\/\/brain-in-motion.ch\/wp-content\/uploads\/2018\/03\/Spielgruppe-300x210.png 300w, https:\/\/brain-in-motion.ch\/wp-content\/uploads\/2018\/03\/Spielgruppe.png 565w\" sizes=\"(max-width: 231px) 100vw, 231px\" \/><\/p>\n<p class=\"font_8\">Die Spielgruppe ist f\u00fcr die Kinder ein wichtiges soziales Erfahrungsfeld. In der Gruppe lernen sie sich und ihre Umwelt kennen, und der konstante Rahmen beg\u00fcnstigt die Entwicklung von Freundschaften mit etwa Gleichaltrigen. Die Kinder lernen, ihren eigenen Platz in einer Gruppe zu finden, sich zu behaupten und R\u00fccksicht zu nehmen, sich und andere mit St\u00e4rken und Schw\u00e4chen zu akzeptieren, einander zu helfen, aber auch Konflikte auszutragen und wieder Frieden zu schliessen.\u00a0Durch Beziehungen zu anderen Kindern, aber auch zu Erwachsenen ausserhalb der Familie unterst\u00fctzt die Spielgruppe die Abl\u00f6sung der Kinder von ihren Bezugspersonen. Dieser Prozess ist wichtig f\u00fcr die kindliche Pers\u00f6nlichkeitsentwicklung. In einem vertrauten, \u00fcberschaubaren Rahmen entwickeln die Kinder ein St\u00fcck Selbstst\u00e4ndigkeit, das sie auch auf den \u00dcbertritt in den Kindergarten vorbereitet.<img decoding=\"async\" class=\" wp-image-170 alignleft\" src=\"https:\/\/brain-in-motion.ch\/wp-content\/uploads\/2018\/03\/DSCN3393-300x225.jpg\" alt=\"\" width=\"214\" height=\"160\" srcset=\"https:\/\/brain-in-motion.ch\/wp-content\/uploads\/2018\/03\/DSCN3393-300x225.jpg 300w, https:\/\/brain-in-motion.ch\/wp-content\/uploads\/2018\/03\/DSCN3393-768x576.jpg 768w, https:\/\/brain-in-motion.ch\/wp-content\/uploads\/2018\/03\/DSCN3393-1024x768.jpg 1024w\" sizes=\"(max-width: 214px) 100vw, 214px\" \/><\/p>\n<h2 class=\"font_8\"><strong>Die Spielgruppe findet bis auf weiteres nicht statt.<\/strong><\/h2>\n","protected":false},"excerpt":{"rendered":"<p>In der Spielgruppe Kids in Motion treffen sich bis zu 6 Kinder ab ca.3 Jahren bis zum Eintritt in den Kindergarten. Die Kinder verbringen w\u00e4hrend des ganzen Jahres, ein- oder zweimal pro Woche einen Vormittag\u00a0\u00e0 3.5 Stunden, sowohl im Haus&hellip; <\/p>\n","protected":false},"author":1,"featured_media":0,"parent":0,"menu_order":0,"comment_status":"closed","ping_status":"closed","template":"","meta":{"footnotes":""},"class_list":["post-103","page","type-page","status-publish","hentry"],"_links":{"self":[{"href":"https:\/\/brain-in-motion.ch\/index.php?rest_route=\/wp\/v2\/pages\/103","targetHints":{"allow":["GET"]}}],"collection":[{"href":"https:\/\/brain-in-motion.ch\/index.php?rest_route=\/wp\/v2\/pages"}],"about":[{"href":"https:\/\/brain-in-motion.ch\/index.php?rest_route=\/wp\/v2\/types\/page"}],"author":[{"embeddable":true,"href":"https:\/\/brain-in-motion.ch\/index.php?rest_route=\/wp\/v2\/users\/1"}],"replies":[{"embeddable":true,"href":"https:\/\/brain-in-motion.ch\/index.php?rest_route=%2Fwp%2Fv2%2Fcomments&post=103"}],"version-history":[{"count":5,"href":"https:\/\/brain-in-motion.ch\/index.php?rest_route=\/wp\/v2\/pages\/103\/revisions"}],"predecessor-version":[{"id":176,"href":"https:\/\/brain-in-motion.ch\/index.php?rest_route=\/wp\/v2\/pages\/103\/revisions\/176"}],"wp:attachment":[{"href":"https:\/\/brain-in-motion.ch\/index.php?rest_route=%2Fwp%2Fv2%2Fmedia&parent=103"}],"curies":[{"name":"wp","href":"https:\/\/api.w.org\/{rel}","templated":true}]}}